d**3 + 2*d + 1/12*d**4 - d**2. Give u(f).
-5
Suppose -6*h = -2*h + 188. Let f = 43 + h. Let b(p) = -p**3 - 4*p**2 + p - 4. Determine b(f).
-8
Let x be (-10)/24*2*-6 + -2. Let y(n) be the third derivative of 0*n + 1/2*n**3 + x*n**2 + 0 + 1/6*n**4. Calculate y(-3).
-9
Let b(z) = 0 - 4*z - 1 - 1 + z**2. Let h be 4 + (98/(-735) - 2/(-15)). Determine b(h).
-2
Let u be (-18)/(-4) - 3/(-6). Let r(z) = 4*z**2 - z - 6. Let l(y) = -3*y**2 + 2*y + 6. Let k(v) = 3*l(v) + 2*r(v). Determine k(u).
1
Let i(m) = -31*m - 48. Let p(x) = -7*x - 12. Let k(y) = 4*i(y) - 18*p(y). What is k(-15)?
-6
Suppose -w - 1 + 0 = 0. Let u(c) be the second derivative of c**5/60 + 5*c**3/6 - 6*c. Let k(d) be the second derivative of u(d). Give k(w).
-2
Let i(z) = -34 - 5*z**2 - z**3 + z + 71 - 38. What is i(-4)?
-21
Let t(a) = a**2 - 5*a - 217. Let o be t(-12). Let b(k) = -k**2 - 11*k + 18. Determine b(o).
-8
Let a(s) = 276 - 573 + s**2 + 279 + 12*s. What is a(-13)?
-5
Let x(r) be the third derivative of -r**9/60480 + r**8/2880 - r**7/630 + r**6/80 - r**5/10 + 10*r**2. Let k(f) be the third derivative of x(f). Calculate k(6).
-3
Let b = -800 + 808. Let w(t) = 0*t**3 - 4 - 7*t + 9*t**2 - 2*t**3 + 3*t**3 - 2*t**3. Give w(b).
4
Let c(n) = 5*n**3 + 4*n**2 + 4*n + 7. Let b(o) = 7*o**3 + 3*o**2 + 3*o + 7. Let h(j) = -2*b(j) + 3*c(j). Let p(g) = -g - 5. Let w be p(0). Calculate h(w).
2
Let j(u) be the third derivative of -u**5/30 - u**4/24 - u**3/2 + 2*u**2 + 50*u. Calculate j(-3).
-18
Let d(l) = -3*l**3 + 2*l**3 - 2 - 5*l**2 - 2. Let y(m) = 4*m + 2. Let g be y(-1). Let h be (((-10)/(-1))/g)/1. Determine d(h).
-4
Let x(q) = q**2 + 5*q - 1. Suppose 20*r - 105 = 5*r. Let o be (6/15)/(r/(-105)). Determine x(o).
5
Let i(y) = -2*y**3 + 3*y**2 + 3*y + 3. Let z be i(3). Let b = z + 17. Let f(v) = -1. Let p(s) = -s + 5. Let c(k) = 3*f(k) + p(k). Determine c(b).
0
Suppose -40*b - 34 = -23*b. Let a(s) = 3*s**3 + 2*s**2 + 1. What is a(b)?
-15
Let m(l) = 62 - 239 + l + 58 + 57 + 67. Suppose 0 = a - 4*a - 27. Determine m(a).
-4
Let r(v) = 5*v - 8. Let x(f) = 11*f - 16. Let c(q) = 5*r(q) - 2*x(q). What is c(-3)?
-17
Suppose -3*n - 94*g + 95*g = 4, -2*n = 3*g - 1. Let u(f) = -36*f + 2. Determine u(n).
38
Let n(i) = -5*i**2 + 4*i + 5. Let r(k) = -4*k**2 + 5*k + 6. Let q(u) = 6*n(u) - 5*r(u). Calculate q(-1).
-9
Let l(r) be the third derivative of r**4/12 - 2*r**3 - 336*r**2 + 2. Determine l(15).
18
Let f be (4/3)/(14/21). Let b be (1/f)/((-3)/(-18)). Suppose h - b*z - 2*z = 18, 3*h + 3*z - 18 = 0. Let n(x) = x**3 - 7*x**2 - 8*x + 9. Determine n(h).
9
Let a(o) = -o + 68. Let d(l) = 17. Let f(b) = 2*a(b) - 9*d(b). Determine f(-13).
9
Let q be 12 + (-4 + 1 - -1). Suppose -5*w + h = -4*h - q, -4*w - h = -23. Let r(j) = 10 + w*j**2 - 2*j**2 - 9 + 2*j. Calculate r(-1).
2
Let x(t) = t**3 - 9*t**2 + 9*t - 9. Let a = -448 + 456. Determine x(a).
-1
Let n(j) be the second derivative of -j**8/6720 + j**7/360 - 7*j**5/120 - 2*j**4/3 + 2*j. Let s(y) be the third derivative of n(y). Calculate s(7).
-7
Let i(k) = k**2 - 10*k - 9. Suppose -5*v + 48 = -7. Let z be i(v). Let u(r) = -z*r + 5*r + 3 + r**2 - r. Calculate u(-3).
6
Let x(r) = -r**2 + 4*r - 2. Let g(a) = -a**3 + 8*a**2 - 9*a - 6. Let b be g(8). Let k = b - -82. Determine x(k).
-2
Let w(j) = -j**2 + 3*j - 2. Let f be -40 + 16 + 19 - (-7 - -1). Determine w(f).
0
Let n = -8 - -21. Let t(a) = n*a - 8*a + 7*a. Calculate t(-1).
-12
Let d(x) = x**2 + 3*x. Let z(j) = -j**2 - 4*j + 1. Suppose 0 = -3*k - 10 - 5. Let a be z(k). What is d(a)?
4
Let l(u) = u - 1. Suppose -3*a - v = -15, v = a - 4*v - 5. Suppose 2*z = 5 + 1. Suppose -a*p - 2*r + 28 = 0, -2*p = 3*p + z*r - 32. Determine l(p).
3
Let a(j) be the first derivative of 1/3*j**3 - 23 + 13/2*j**2 - 2*j. Calculate a(-13).
-2
Let n(t) = 3*t**2 - t - 1. Let g = 403 - 401. What is n(g)?
9
Let r(q) = 2*q**3 - 3*q**2 - 5*q**2 + q**2 - q**3 - 4. What is r(7)?
-4
Let x = 8 - 13. Let a(m) = -5*m + 34*m**3 + 3 - 63*m**3 + 6*m**2 - 2*m**2 + 30*m**3 + 0*m. Give a(x).
3
Suppose -56*a = -57*a + 2. Let j(u) = 2*u**2 + 1. Let r be j(-2). Suppose 0 = a*z + z - r. Let m(k) = k**3 - 2*k**2 - 2*k - 1. Give m(z).
2
Let p(f) = -f**2 - 7*f + 37. Let u be p(5). Let l(a) = a + 17. Calculate l(u).
-6
Let i(f) be the third derivative of 0*f + 0 - f**3 - 4*f**2 + 1/3*f**4 - 1/60*f**5. Let c be i(7). Let t(z) = -8*z. Determine t(c).
-8
Suppose 4*w = 2*w + 14. Let g(h) be the second derivative of -h**3/6 + 11*h**2/2 + 688*h. Calculate g(w).
4
Let u(v) = 11*v + 1. Suppose 6 = q + 2. Suppose 0 = 3*b - 3*l + 6, -28 = -2*b - q*l - 2. Suppose d = 4*d - 3, -b = 2*a - d. Calculate u(a).
-10
Let k(t) be the third derivative of -t**6/120 - t**5/12 - t**4/24 - t**3/6 + 51*t**2. Determine k(-2).
-11
Suppose 6*f - 11*f = 65. Let v = -16 - f. Let g(b) = -2*b - 1. What is g(v)?
5
Suppose -r + 2*p + 13 = 3, 5*r - 6 = -p. Let h(s) = 2*s + 7*s - 7*s + r. Let b be 1*(-1 - (0 + 1)). Give h(b).
-2
Let k(q) = 9*q - 1. Let d(r) = -r**3 + 2*r**2 - 3*r + 8. Let u be d(2). Suppose 0 = -5*s - 2*m + 6*m - 2, 0 = 5*s - u*m + 6. Give k(s).
-19
Let a(f) = f**2 - 9*f + 13. Let g be a(7). Let m(i) = -6*i**2 + i. Let z be m(g). Let k(h) = -h**2 - 6*h - 1. What is k(z)?
-8
Let u(l) = -l**2 - 14*l. Let r be 4/(-3) + (-384)/108*3. What is u(r)?
24
Let q(d) be the second derivative of -d**4/12 + 5*d**3/3 + 27*d**2/2 + 5*d. Let m be q(12). Let h(z) = -z**2 + 6*z. Give h(m).
9
Let a be 212/18 - (-4)/18. Suppose 0 = -2*d + 2 + a. Let i = 1 - d. Let j(k) = -2*k - 5. Give j(i).
7
Let a(m) = -m - 1. Let d(y) = -y**3 - 16*y**2 + 17*y + 4. Let j = 10 - 27. Let n be d(j). Determine a(n).
-5
Let l(v) be the third derivative of v**4/8 + 11*v**3/3 + 32*v**2. Give l(-9).
-5
Let p be ((-1)/(-2))/(1/(-24)). Let f be (15/p)/(3/12). Let a(n) be the second derivative of n**5/20 + n**4/3 - 7*n**3/6 - 2*n**2 + 3*n. Determine a(f).
6
Let a(q) = 164*q + 3. Let j be a(-4). Let g = j + 377. Let t be (-2)/8 - g/(-48). Let b(m) = m**3 + 5*m**2 - 8*m - 3. Determine b(t).
9
Let x(n) = n**2 + n - 2. Suppose -33*r + 22*r + 33 = 0. Calculate x(r).
10
Suppose 2*h + 5*k + 8 = -5, 0 = 4*h - 3*k - 13. Let v(d) = -2 + 2 + h + 0 - 2*d**2. Give v(2).
-7
Let d(n) be the first derivative of -n**3/3 - 8*n**2 - 12*n + 112. Determine d(-14).
16
Let a(z) = 4*z**2 - 8*z - 6. Let d(m) = 2*m**2 - 4*m - 2. Let c(v) = 3*a(v) - 7*d(v). Determine c(3).
-10
Let r be ((-51)/(-24))/1 + -2. Let f(h) be the third derivative of 0*h + r*h**4 + 0 - 1/3*h**3 + 5*h**2. Calculate f(5).
13
Let c(a) = 1424*a - 2851*a + 11 + 1425*a. Calculate c(10).
-9
Let v = 177 + -174. Let c(r) be the first derivative of 5 + 2/3*r**3 + v*r**2 + 2*r. Calculate c(-4).
10
Let d(o) = 96*o**3 - 6*o**2 + 19. Let k(m) = 32*m**3 - 2*m**2 + 7. Let z(r) = 3*d(r) - 8*k(r). Calculate z(1).
31
Let s be 18*(-1)/(-2) - 1. Suppose 4*b - s = 12. Let j(g) = -7*g + 10*g + 4*g - 2*g**2 + 0 + 2. Calculate j(b).
-13
Let r(w) be the second derivative of w**8/6720 - w**7/630 + 11*w**4/12 - 10*w. Let k(b) be the third derivative of r(b). Give k(2).
-8
Let v(k) be the first derivative of -37*k**2/2 + 142. Give v(1).
-37
Suppose 4*v - 3*f + 25 = 72, 5*v + f - 54 = 0. Let c(g) = -2*g**2 + 21*g + 6. Let m be c(v). Let k(u) = -u**2 - 7*u + 2. Calculate k(m).
12
Let g(n) = -n**2 - 6*n + 3. Let d be g(-6). Suppose 2*o + d*o - 3*j = -19, -5*j + 19 = -2*o. Let p(c) = -1 + c + 2 - 2*c**2 + 4 - 3. Determine p(o).
-8
Let k be 4/8*(6 + -2). Let p be (1 - k)/(-5 - -6). Let u(x) = 3*x**3 - 2*x**2 - x. Calculate u(p).
-4
Let t(l) = 0 - 22*l - 21*l - 2*l**2 + 63*l - 18*l - 1. Let a = -6 - -8. Suppose 0 = 3*r + 3*z - 12, -a*z = -r - z - 2. What is t(r)?
-1
Let m(i) = -i**2 + 3*i - 3. Suppose 0 = -5*a + 20 - 5. Give m(a).
-3
Let h(n) = 9*n**2 - 629*n - 72. Let b be h(70). Let a(t) = -2*t**2 - 6*t - 13. Give a(b).
-9
Let y(n) = n - n - 617*n**2 + 613*n**2 + 2*n**3 - 4. What is y(3)?
14
Let o(c) = -7 - 5 + 2*c + 4. What is o(-6)?
-20
Let z(r) = -4*r + 33. Let w(d) = 3*d - 28. Let l(v) = -5*w(v) - 4*z(v). Calculate l(-5).
3
Let y = 294 + 42. Let f(z) = z + 330*z**2 - 2*z - z**3 - 1 - y*z**2. Calculate f(-6).
5
Let x(r) = r**2 - 7*r + 7. Let j = -35 - -23. Let k = j + 17. What is x(k)?
-3
Let l(v) = v**2 + 9*v - 6. Let i(d) = 3*d**2 + 23*d - 14. Let w(x) = 2*i(x) - 5*l(x). Determine w(-6).
32
Let p(d